[INFO] cloning repository https://github.com/knoby/blinking_lights
[INFO] running `Command { std: "git" "-c" "credential.helper=" "-c" "credential.helper=/workspace/cargo-home/bin/git-credential-null" "clone" "--bare" "https://github.com/knoby/blinking_lights" "/workspace/cache/git-repos/https%3A%2F%2Fgithub.com%2Fknoby%2Fblinking_lights", kill_on_drop: false }`
[INFO] [stderr] Cloning into bare repository '/workspace/cache/git-repos/https%3A%2F%2Fgithub.com%2Fknoby%2Fblinking_lights'...
[INFO] running `Command { std: "git" "rev-parse" "HEAD", kill_on_drop: false }`
[INFO] [stdout] 3fe8dea26646f9fd265c2157c77f30daeead0e59
[INFO] checking knoby/blinking_lights against try#72f88fc4e9458f89516a0b8b0868f3718aec5b47 for pr-74989
[INFO] running `Command { std: "git" "clone" "/workspace/cache/git-repos/https%3A%2F%2Fgithub.com%2Fknoby%2Fblinking_lights" "/workspace/builds/worker-5/source", kill_on_drop: false }`
[INFO] [stderr] Cloning into '/workspace/builds/worker-5/source'...
[INFO] [stderr] done.
[INFO] validating manifest of git repo https://github.com/knoby/blinking_lights on toolchain 72f88fc4e9458f89516a0b8b0868f3718aec5b47
[INFO] running `Command { std: "/workspace/cargo-home/bin/cargo" "+72f88fc4e9458f89516a0b8b0868f3718aec5b47" "read-manifest" "--manifest-path" "Cargo.toml", kill_on_drop: false }`
[INFO] removed /workspace/builds/worker-5/source/.cargo/config
[INFO] started tweaking git repo https://github.com/knoby/blinking_lights
[INFO] finished tweaking git repo https://github.com/knoby/blinking_lights
[INFO] tweaked toml for git repo https://github.com/knoby/blinking_lights written to /workspace/builds/worker-5/source/Cargo.toml
[INFO] crate git repo https://github.com/knoby/blinking_lights already has a lockfile, it will not be regenerated
[INFO] running `Command { std: "/workspace/cargo-home/bin/cargo" "+72f88fc4e9458f89516a0b8b0868f3718aec5b47" "fetch" "--locked" "--manifest-path" "Cargo.toml", kill_on_drop: false }`
[INFO] [stderr]  Downloading crates ...
[INFO] [stderr]   Downloaded panic-semihosting v0.5.3
[INFO] [stderr]   Downloaded syn v0.15.42
[INFO] [stderr]   Downloaded as-slice v0.1.0
[INFO] [stderr]   Downloaded rtfm-syntax v0.4.0
[INFO] [stderr]   Downloaded rtfm-core v0.3.0
[INFO] [stderr]   Downloaded stm32f1xx-hal v0.5.2
[INFO] [stderr]   Downloaded aligned v0.3.1
[INFO] [stderr]   Downloaded cortex-m v0.6.1
[INFO] [stderr]   Downloaded hash32 v0.1.0
[INFO] [stderr]   Downloaded cortex-m-rt-macros v0.1.5
[INFO] [stderr]   Downloaded cortex-m-rtfm-macros v0.5.0
[INFO] [stderr]   Downloaded bobbin-bits v0.1.1
[INFO] [stderr]   Downloaded cortex-m-rt v0.6.11
[INFO] [stderr]   Downloaded cortex-m-rtfm v0.5.1
[INFO] [stderr]   Downloaded heapless v0.5.0
[INFO] running `Command { std: "docker" "create" "-v" "/var/lib/crater-agent-workspace/builds/worker-5/target:/opt/rustwide/target:rw,Z" "-v" "/var/lib/crater-agent-workspace/builds/worker-5/source:/opt/rustwide/workdir:ro,Z" "-v" "/var/lib/crater-agent-workspace/cargo-home:/opt/rustwide/cargo-home:ro,Z" "-v" "/var/lib/crater-agent-workspace/rustup-home:/opt/rustwide/rustup-home:ro,Z" "-e" "SOURCE_DIR=/opt/rustwide/workdir" "-e" "CARGO_TARGET_DIR=/opt/rustwide/target" "-e" "CARGO_HOME=/opt/rustwide/cargo-home" "-e" "RUSTUP_HOME=/opt/rustwide/rustup-home" "-w" "/opt/rustwide/workdir" "-m" "1610612736" "--user" "0:0" "--network" "none" "rustops/crates-build-env@sha256:d92eaeed33fa75130ca1ee6c8a01d1ffb62bac859dfdfb3450e3e5d1c0146529" "/opt/rustwide/cargo-home/bin/cargo" "+72f88fc4e9458f89516a0b8b0868f3718aec5b47" "metadata" "--no-deps" "--format-version=1", kill_on_drop: false }`
[INFO] [stdout] dce71bdfc26df2541e9eb2fb78043e5429c0bb8e5e71fd9ab1440e59c8cd8a6d
[INFO] [stderr] WARNING: Your kernel does not support swap limit capabilities or the cgroup is not mounted. Memory limited without swap.
[INFO] running `Command { std: "docker" "start" "-a" "dce71bdfc26df2541e9eb2fb78043e5429c0bb8e5e71fd9ab1440e59c8cd8a6d", kill_on_drop: false }`
[INFO] running `Command { std: "docker" "inspect" "dce71bdfc26df2541e9eb2fb78043e5429c0bb8e5e71fd9ab1440e59c8cd8a6d", kill_on_drop: false }`
[INFO] running `Command { std: "docker" "rm" "-f" "dce71bdfc26df2541e9eb2fb78043e5429c0bb8e5e71fd9ab1440e59c8cd8a6d", kill_on_drop: false }`
[INFO] [stdout] dce71bdfc26df2541e9eb2fb78043e5429c0bb8e5e71fd9ab1440e59c8cd8a6d
[INFO] running `Command { std: "docker" "create" "-v" "/var/lib/crater-agent-workspace/builds/worker-5/target:/opt/rustwide/target:rw,Z" "-v" "/var/lib/crater-agent-workspace/builds/worker-5/source:/opt/rustwide/workdir:ro,Z" "-v" "/var/lib/crater-agent-workspace/cargo-home:/opt/rustwide/cargo-home:ro,Z" "-v" "/var/lib/crater-agent-workspace/rustup-home:/opt/rustwide/rustup-home:ro,Z" "-e" "SOURCE_DIR=/opt/rustwide/workdir" "-e" "CARGO_TARGET_DIR=/opt/rustwide/target" "-e" "CARGO_INCREMENTAL=0" "-e" "RUST_BACKTRACE=full" "-e" "RUSTFLAGS=--cap-lints=forbid" "-e" "CARGO_HOME=/opt/rustwide/cargo-home" "-e" "RUSTUP_HOME=/opt/rustwide/rustup-home" "-w" "/opt/rustwide/workdir" "-m" "1610612736" "--user" "0:0" "--network" "none" "rustops/crates-build-env@sha256:d92eaeed33fa75130ca1ee6c8a01d1ffb62bac859dfdfb3450e3e5d1c0146529" "/opt/rustwide/cargo-home/bin/cargo" "+72f88fc4e9458f89516a0b8b0868f3718aec5b47" "check" "--frozen" "--all" "--all-targets" "--message-format=json", kill_on_drop: false }`
[INFO] [stdout] 294e68ce99a48196417d46984b438ae6e0e9aebbe9d73f8b4c3eecffbee546ed
[INFO] [stderr] WARNING: Your kernel does not support swap limit capabilities or the cgroup is not mounted. Memory limited without swap.
[INFO] running `Command { std: "docker" "start" "-a" "294e68ce99a48196417d46984b438ae6e0e9aebbe9d73f8b4c3eecffbee546ed", kill_on_drop: false }`
[INFO] [stderr]     Blocking waiting for file lock on package cache
[INFO] [stderr]     Blocking waiting for file lock on package cache
[INFO] [stderr]    Compiling syn v0.15.42
[INFO] [stderr]     Checking vcell v0.1.0
[INFO] [stderr]    Compiling rand_core v0.4.0
[INFO] [stderr]    Compiling byteorder v1.3.2
[INFO] [stderr]    Compiling syn v1.0.11
[INFO] [stderr]    Compiling cortex-m-rt v0.6.11
[INFO] [stderr]    Compiling heapless v0.5.0
[INFO] [stderr]    Compiling stm32f1 v0.9.0
[INFO] [stderr]    Compiling cortex-m-rtfm v0.5.1
[INFO] [stderr]     Checking nb v0.1.2
[INFO] [stderr]     Checking void v1.0.2
[INFO] [stderr]    Compiling blinking_lights v0.1.0 (/opt/rustwide/workdir)
[INFO] [stderr]     Checking rtfm-core v0.3.0
[INFO] [stderr]     Checking bobbin-bits v0.1.1
[INFO] [stderr]     Checking volatile-register v0.2.0
[INFO] [stderr]    Compiling cortex-m-semihosting v0.3.5
[INFO] [stderr]    Compiling proc-macro2 v1.0.6
[INFO] [stderr]    Compiling bare-metal v0.2.4
[INFO] [stderr]    Compiling cast v0.2.3
[INFO] [stderr]     Checking generic-array v0.12.3
[INFO] [stderr]     Checking generic-array v0.13.2
[INFO] [stderr]    Compiling indexmap v1.3.0
[INFO] [stderr]     Checking embedded-hal v0.2.3
[INFO] [stderr]    Compiling rand_core v0.3.1
[INFO] [stderr]    Compiling rand v0.5.6
[INFO] [stderr]     Checking as-slice v0.1.0
[INFO] [stderr]    Compiling quote v1.0.2
[INFO] [stderr]     Checking hash32 v0.1.0
[INFO] [stderr]     Checking aligned v0.3.1
[INFO] [stderr]     Checking cortex-m v0.6.1
[INFO] [stderr]     Checking panic-semihosting v0.5.3
[INFO] [stderr]    Compiling rtfm-syntax v0.4.0
[INFO] [stderr]    Compiling cortex-m-rt-macros v0.1.5
[INFO] [stderr]    Compiling cortex-m-rtfm-macros v0.5.0
[INFO] [stderr]     Checking stm32f1xx-hal v0.5.2
[INFO] [stdout] error[E0432]: unresolved import `rtfm::cyccnt`
[INFO] [stdout]   --> src/main.rs:14:11
[INFO] [stdout]    |
[INFO] [stdout] 14 | use rtfm::cyccnt::{Duration, Instant, U32Ext};
[INFO] [stdout]    |           ^^^^^^ could not find `cyccnt` in `rtfm`
[INFO] [stdout] 
[INFO] [stdout] 
[INFO] [stdout] error[E0432]: unresolved import `rtfm::cyccnt`
[INFO] [stdout]   --> src/main.rs:14:11
[INFO] [stdout]    |
[INFO] [stdout] 14 | use rtfm::cyccnt::{Duration, Instant, U32Ext};
[INFO] [stdout]    |           ^^^^^^ could not find `cyccnt` in `rtfm`
[INFO] [stdout] 
[INFO] [stdout] 
[INFO] [stdout] error[E0433]: failed to resolve: could not find `cyccnt` in `rtfm`
[INFO] [stdout]   --> src/main.rs:22:72
[INFO] [stdout]    |
[INFO] [stdout] 22 | #[app(device = stm32f1xx_hal::stm32, peripherals=true, monotonic=rtfm::cyccnt::CYCCNT)]
[INFO] [stdout]    |                                                                        ^^^^^^ could not find `cyccnt` in `rtfm`
[INFO] [stdout] 
[INFO] [stdout] 
[INFO] [stdout] error[E0433]: failed to resolve: could not find `cyccnt` in `rtfm`
[INFO] [stdout]   --> src/main.rs:22:72
[INFO] [stdout]    |
[INFO] [stdout] 22 | #[app(device = stm32f1xx_hal::stm32, peripherals=true, monotonic=rtfm::cyccnt::CYCCNT)]
[INFO] [stdout]    |                                                                        ^^^^^^ could not find `cyccnt` in `rtfm`
[INFO] [stdout] 
[INFO] [stdout] 
[INFO] [stdout] warning: unused import: `embedded_hal::digital::v2::OutputPin`
[INFO] [stdout]   --> src/main.rs:12:5
[INFO] [stdout]    |
[INFO] [stdout] 12 | use embedded_hal::digital::v2::OutputPin;
[INFO] [stdout]    |     ^^^^^^^^^^^^^^^^^^^^^^^^^^^^^^^^^^^^
[INFO] [stdout]    |
[INFO] [stdout]    = note: `#[warn(unused_imports)]` on by default
[INFO] [stdout] 
[INFO] [stdout] 
[INFO] [stdout] warning: unused import: `embedded_hal::digital::v2::OutputPin`
[INFO] [stdout]   --> src/main.rs:12:5
[INFO] [stdout]    |
[INFO] [stdout] 12 | use embedded_hal::digital::v2::OutputPin;
[INFO] [stdout]    |     ^^^^^^^^^^^^^^^^^^^^^^^^^^^^^^^^^^^^
[INFO] [stdout]    |
[INFO] [stdout]    = note: `#[warn(unused_imports)]` on by default
[INFO] [stdout] 
[INFO] [stdout] 
[INFO] [stdout] error: duplicate lang item in crate `std` (which `test` depends on): `panic_impl`.
[INFO] [stdout]   |
[INFO] [stdout]   = note: the lang item is first defined in crate `panic_halt` (which `blinking_lights` depends on)
[INFO] [stdout]   = note: first definition in `panic_halt` loaded from /opt/rustwide/target/debug/deps/libpanic_halt-574608e11c22a401.rmeta
[INFO] [stdout]   = note: second definition in `std` loaded from /opt/rustwide/rustup-home/toolchains/72f88fc4e9458f89516a0b8b0868f3718aec5b47/lib/rustlib/x86_64-unknown-linux-gnu/lib/libstd-faa3fd6c69b73b7d.rlib
[INFO] [stdout] 
[INFO] [stdout] 
[INFO] [stdout] error: duplicate lang item in crate `panic_semihosting`: `panic_impl`.
[INFO] [stdout]   |
[INFO] [stdout]   = note: the lang item is first defined in crate `std` (which `test` depends on)
[INFO] [stdout]   = note: first definition in `std` loaded from /opt/rustwide/rustup-home/toolchains/72f88fc4e9458f89516a0b8b0868f3718aec5b47/lib/rustlib/x86_64-unknown-linux-gnu/lib/libstd-faa3fd6c69b73b7d.rlib
[INFO] [stdout]   = note: second definition in `panic_semihosting` loaded from /opt/rustwide/target/debug/deps/libpanic_semihosting-0d0d1497b9674504.rmeta
[INFO] [stdout] 
[INFO] [stdout] 
[INFO] [stdout] error: duplicate lang item in crate `panic_semihosting`: `panic_impl`.
[INFO] [stdout]   |
[INFO] [stdout]   = note: the lang item is first defined in crate `panic_halt` (which `blinking_lights` depends on)
[INFO] [stdout]   = note: first definition in `panic_halt` loaded from /opt/rustwide/target/debug/deps/libpanic_halt-574608e11c22a401.rmeta
[INFO] [stdout]   = note: second definition in `panic_semihosting` loaded from /opt/rustwide/target/debug/deps/libpanic_semihosting-0d0d1497b9674504.rmeta
[INFO] [stdout] 
[INFO] [stdout] 
[INFO] [stdout] error: language item required, but not found: `eh_personality`
[INFO] [stdout] 
[INFO] [stdout] 
[INFO] [stdout] error[E0599]: no method named `cycles` found for type `{integer}` in the current scope
[INFO] [stdout]    --> src/main.rs:108:56
[INFO] [stdout]     |
[INFO] [stdout] 108 |             .update_display(Instant::now() + 64_00_000.cycles())
[INFO] [stdout]     |                                                        ^^^^^^ method not found in `{integer}`
[INFO] [stdout] 
[INFO] [stdout] 
[INFO] [stdout] error[E0282]: type annotations needed
[INFO] [stdout]   --> src/main.rs:22:1
[INFO] [stdout]    |
[INFO] [stdout] 22 | #[app(device = stm32f1xx_hal::stm32, peripherals=true, monotonic=rtfm::cyccnt::CYCCNT)]
[INFO] [stdout]    | ^^^^^^^^^^^^^^^^^^^^^^^^^^^^^^^^^^^^^^^^^^^^^^^^^^^^^^^^^^^^^^^^^^^^^^^^^^^^^^^^^^^^^^^
[INFO] [stdout]    |
[INFO] [stdout]    = note: type must be known at this point
[INFO] [stdout]    = note: this error originates in an attribute macro (in Nightly builds, run with -Z macro-backtrace for more info)
[INFO] [stdout] 
[INFO] [stdout] 
[INFO] [stdout] error[E0599]: no method named `cycles` found for type `{integer}` in the current scope
[INFO] [stdout]    --> src/main.rs:108:56
[INFO] [stdout]     |
[INFO] [stdout] 108 |             .update_display(Instant::now() + 64_00_000.cycles())
[INFO] [stdout]     |                                                        ^^^^^^ method not found in `{integer}`
[INFO] [stdout] 
[INFO] [stdout] 
[INFO] [stdout] error[E0282]: type annotations needed
[INFO] [stdout]   --> src/main.rs:22:1
[INFO] [stdout]    |
[INFO] [stdout] 22 | #[app(device = stm32f1xx_hal::stm32, peripherals=true, monotonic=rtfm::cyccnt::CYCCNT)]
[INFO] [stdout]    | ^^^^^^^^^^^^^^^^^^^^^^^^^^^^^^^^^^^^^^^^^^^^^^^^^^^^^^^^^^^^^^^^^^^^^^^^^^^^^^^^^^^^^^^
[INFO] [stdout]    |
[INFO] [stdout]    = note: type must be known at this point
[INFO] [stdout]    = note: this error originates in an attribute macro (in Nightly builds, run with -Z macro-backtrace for more info)
[INFO] [stdout] 
[INFO] [stdout] 
[INFO] [stdout] error: aborting due to 6 previous errors; 1 warning emitted
[INFO] [stdout] 
[INFO] [stdout] 
[INFO] [stdout] Some errors have detailed explanations: E0282, E0432, E0433, E0599.
[INFO] [stdout] 
[INFO] [stdout] For more information about an error, try `rustc --explain E0282`.
[INFO] [stdout] 
[INFO] [stderr] error: could not compile `blinking_lights`.
[INFO] [stderr] 
[INFO] [stderr] To learn more, run the command again with --verbose.
[INFO] [stderr] warning: build failed, waiting for other jobs to finish...
[INFO] [stdout] error: aborting due to 6 previous errors; 1 warning emitted
[INFO] [stdout] 
[INFO] [stdout] 
[INFO] [stdout] Some errors have detailed explanations: E0282, E0432, E0433, E0599.
[INFO] [stdout] 
[INFO] [stdout] For more information about an error, try `rustc --explain E0282`.
[INFO] [stdout] 
[INFO] [stderr] error: build failed
[INFO] running `Command { std: "docker" "inspect" "294e68ce99a48196417d46984b438ae6e0e9aebbe9d73f8b4c3eecffbee546ed", kill_on_drop: false }`
[INFO] running `Command { std: "docker" "rm" "-f" "294e68ce99a48196417d46984b438ae6e0e9aebbe9d73f8b4c3eecffbee546ed", kill_on_drop: false }`
[INFO] [stdout] 294e68ce99a48196417d46984b438ae6e0e9aebbe9d73f8b4c3eecffbee546ed
